{"id":610,"date":"2021-07-29T15:26:09","date_gmt":"2021-07-29T15:26:09","guid":{"rendered":"https:\/\/hermandadmedinaceli.com\/?page_id=610"},"modified":"2025-03-10T18:23:59","modified_gmt":"2025-03-10T18:23:59","slug":"escuela-taller-de-bordado","status":"publish","type":"page","link":"https:\/\/hermandadmedinaceli.es\/index.php\/escuela-taller-de-bordado\/","title":{"rendered":"Escuela-Taller de Bordado"},"content":{"rendered":"\n<h1 class=\"wp-block-heading has-text-color\" style=\"color:#5c1389\"><strong>Escuela-Taller de Bordado \u00abHermandad de Medinaceli\u00bb<\/strong><\/h1>\n\n\n\n<p>Hilos de oro y sedas de colores se entrelazan, dibujando sobre el terciopelo una historia de devoci\u00f3n y esplendor. El bordado cofrade no es solo un arte; es una plegaria silente que se desgrana en cada puntada, un tributo a lo divino, una joya tejida con paciencia y fervor.<\/p>\n<p>Cada aguja que atraviesa la tela es un latido del alma del artesano, que convierte el metal y la seda en reflejos de la gloria celestial. Sobre el pa\u00f1o oscuro, emergen hojas de acanto, roleos barrocos y racimos de espigas y uvas, s\u00edmbolos de la fe y el sacrificio. \u00c1ngeles y querubines parecen susurrar entre filigranas de canutillo, y en cada vestidura bordada refulge la luz de siglos de tradici\u00f3n.<img loading=\"lazy\" decoding=\"async\" class=\"alignright wp-image-1594 \" src=\"https:\/\/hermandadmedinaceli.es\/wp-content\/uploads\/2025\/02\/Taller-de-Bordados-de-la-Hermandad.jpg\" alt=\"\" width=\"402\" height=\"301\" srcset=\"https:\/\/hermandadmedinaceli.es\/wp-content\/uploads\/2025\/02\/Taller-de-Bordados-de-la-Hermandad.jpg 1200w, https:\/\/hermandadmedinaceli.es\/wp-content\/uploads\/2025\/02\/Taller-de-Bordados-de-la-Hermandad-300x225.jpg 300w, https:\/\/hermandadmedinaceli.es\/wp-content\/uploads\/2025\/02\/Taller-de-Bordados-de-la-Hermandad-1024x768.jpg 1024w, https:\/\/hermandadmedinaceli.es\/wp-content\/uploads\/2025\/02\/Taller-de-Bordados-de-la-Hermandad-768x576.jpg 768w\" sizes=\"auto, (max-width: 402px) 100vw, 402px\" \/><\/p>\n<p>El Taller de Bordados de la Hermandad nace en el a\u00f1o 2006, durante el primer mandato de D. Norberto Hurtado Mar\u00edn, siendo uno de sus primeros precursores D. Salvador Manuel Pro Becerra, quien fuese el primer vestidor de Mar\u00eda Sant\u00edsima de la Trinidad y miembro de la Junta de Gobierno. El taller ha estado desde su inicio bajo la direcci\u00f3n de N.H. D\u00f1a. Antonia Gil Mu\u00f1oz. La Escuela-Taller de Bordados, recibe a todos hermanos y devotos que des\u00e9en trasmitir sus oraciones a trav\u00e9s de puntadas en hilos de oro y plata, que se traducen en verdaderas obras de arte obsequiadas a nuestros Sagrados Titulares.<\/p>\n<p style=\"text-align: justify;\">Es D. Norberto Hurtado Mar\u00edn, quien en los primeros a\u00f1os busca un dise\u00f1ador que pudiese producir bocetos para el Taller de Bordados, encontrando para tal desempe\u00f1o al gran Fray Ricardo de C\u00f3rdoba, Fraile Franciscano Capuchino, que cuenta con maravillosos dise\u00f1os en varias capitales andaluzas (El manto de Nuestra Se\u00f1ora de los \u00c1ngeles del C\u00edster de C\u00f3rdoba, El Palio de Mar\u00eda Sant\u00edsima del Rosario de C\u00e1diz&#8230;), siendo un referente del dise\u00f1o barroco cofrade. Fray Ricardo asist\u00eda anualmente a los Solemnes Cultos Cuaresmales de la Hermandad, oficiando uno de los d\u00edas del triduo, pudiendo bendecir de esta manera muchos de los trabajos realizados por el Taller, surgidos de sus bocetos. Tambi\u00e9n destacar, que Fray Ricardo realiz\u00f3 la Exaltaci\u00f3n Conmemorativa por el 25 Aniversario de la Bendici\u00f3n de Mar\u00eda Sant\u00edsima de la Trinidad. Siendo un orgullo para esta Corporaci\u00f3n, que tan ilustre personalidad en el mundo cofrade formase parte de su n\u00f3mina de hermanos.<br \/><br \/>Hasta la actualidad el Taller de Bordados de la Hermandad ha confeccionado:<\/p>\n<ul>\n<li>Saya de Terciopelo Negro de Mar\u00eda Sant\u00edsima de la Trinidad (2008, Dise\u00f1o de D. Salvador Pro Becerra)<\/li>\n<li>Toca de Sobremanto de Mar\u00eda Sant\u00edsima de la Trinidad (2010, Dise\u00f1o de N.H. Fray Ricardo de C\u00f3rdoba)<\/li>\n<li>Estandarte Corporativo (2013, Dise\u00f1o de N.H. Fray Ricardo de C\u00f3rdoba)<\/li>\n<li>Saya de Salida de Mar\u00eda Sant\u00edsima de la Trinidad (2016, Dise\u00f1o de N.H. Fray Ricardo de C\u00f3rdoba)<\/li>\n<li>Bambalina Delantera del Palio de Mar\u00eda Sant\u00edsima de la Trinidad (2020, Dise\u00f1o de N.H. Fray Ricardo de C\u00f3rdoba)<\/li>\n<li>Bambalina Trasera del Palio de Mar\u00eda Sant\u00edsima de la Trinidad (2024, Dise\u00f1o de N.H. Fray Ricardo de C\u00f3rdoba)<\/li>\n<\/ul>\n<p><img loading=\"lazy\" decoding=\"async\" class=\"aligncenter wp-image-2020 \" src=\"https:\/\/hermandadmedinaceli.es\/wp-content\/uploads\/2025\/03\/Cruz-de-Guia-7.png\" alt=\"\" width=\"771\" height=\"306\" srcset=\"https:\/\/hermandadmedinaceli.es\/wp-content\/uploads\/2025\/03\/Cruz-de-Guia-7.png 2000w, https:\/\/hermandadmedinaceli.es\/wp-content\/uploads\/2025\/03\/Cruz-de-Guia-7-300x119.png 300w, https:\/\/hermandadmedinaceli.es\/wp-content\/uploads\/2025\/03\/Cruz-de-Guia-7-1024x406.png 1024w, https:\/\/hermandadmedinaceli.es\/wp-content\/uploads\/2025\/03\/Cruz-de-Guia-7-768x305.png 768w, https:\/\/hermandadmedinaceli.es\/wp-content\/uploads\/2025\/03\/Cruz-de-Guia-7-1536x609.png 1536w\" sizes=\"auto, (max-width: 771px) 100vw, 771px\" \/><\/p>\n<!-- AddThis Advanced Settings generic via filter on the_content --><!-- AddThis Share Buttons generic via filter on the_content -->","protected":false},"excerpt":{"rendered":"<p>Escuela-Taller de Bordado \u00abHermandad de Medinaceli\u00bb Hilos de oro y sedas de colores se entrelazan, dibujando sobre el terciopelo una<!-- AddThis Advanced Settings generic via filter on get_the_excerpt --><!-- AddThis Share Buttons generic via filter on get_the_excerpt --><\/p>\n","protected":false},"author":2,"featured_media":0,"parent":0,"menu_order":0,"comment_status":"closed","ping_status":"closed","template":"","meta":{"colormag_page_container_layout":"default_layout","colormag_page_sidebar_layout":"default_layout","_monsterinsights_skip_tracking":false,"_monsterinsights_sitenote_active":false,"_monsterinsights_sitenote_note":"","_monsterinsights_sitenote_category":0,"_mc_calendar":[],"footnotes":""},"class_list":["post-610","page","type-page","status-publish","hentry"],"yoast_head":"<!-- This site is optimized with the Yoast SEO plugin v27.5 - https:\/\/yoast.com\/product\/yoast-seo-wordpress\/ -->\n<title>Escuela-Taller de Bordado - Hermandad Medinaceli - La L&iacute;nea de la Concepci&oacute;n<\/title>\n<meta name=\"robots\" content=\"index, follow, max-snippet:-1, max-image-preview:large, max-video-preview:-1\" \/>\n<link rel=\"canonical\" href=\"https:\/\/hermandadmedinaceli.es\/index.php\/escuela-taller-de-bordado\/\" \/>\n<meta property=\"og:locale\" content=\"es_ES\" \/>\n<meta property=\"og:type\" content=\"article\" \/>\n<meta property=\"og:title\" content=\"Escuela-Taller de Bordado - Hermandad Medinaceli - La L&iacute;nea de la Concepci&oacute;n\" \/>\n<meta property=\"og:description\" content=\"Escuela-Taller de Bordado \u00abHermandad de Medinaceli\u00bb Hilos de oro y sedas de colores se entrelazan, dibujando sobre el terciopelo una\" \/>\n<meta property=\"og:url\" content=\"https:\/\/hermandadmedinaceli.es\/index.php\/escuela-taller-de-bordado\/\" \/>\n<meta property=\"og:site_name\" content=\"Hermandad Medinaceli - La L&iacute;nea de la Concepci&oacute;n\" \/>\n<meta property=\"article:modified_time\" content=\"2025-03-10T18:23:59+00:00\" \/>\n<meta property=\"og:image\" content=\"https:\/\/hermandadmedinaceli.es\/wp-content\/uploads\/2025\/02\/Taller-de-Bordados-de-la-Hermandad.jpg\" \/>\n<meta name=\"twitter:card\" content=\"summary_large_image\" \/>\n<meta name=\"twitter:label1\" content=\"Tiempo de lectura\" \/>\n\t<meta name=\"twitter:data1\" content=\"3 minutos\" \/>\n<script type=\"application\/ld+json\" class=\"yoast-schema-graph\">{\"@context\":\"https:\\\/\\\/schema.org\",\"@graph\":[{\"@type\":\"WebPage\",\"@id\":\"https:\\\/\\\/hermandadmedinaceli.es\\\/index.php\\\/escuela-taller-de-bordado\\\/\",\"url\":\"https:\\\/\\\/hermandadmedinaceli.es\\\/index.php\\\/escuela-taller-de-bordado\\\/\",\"name\":\"Escuela-Taller de Bordado - Hermandad Medinaceli - La L&iacute;nea de la Concepci&oacute;n\",\"isPartOf\":{\"@id\":\"https:\\\/\\\/hermandadmedinaceli.es\\\/#website\"},\"primaryImageOfPage\":{\"@id\":\"https:\\\/\\\/hermandadmedinaceli.es\\\/index.php\\\/escuela-taller-de-bordado\\\/#primaryimage\"},\"image\":{\"@id\":\"https:\\\/\\\/hermandadmedinaceli.es\\\/index.php\\\/escuela-taller-de-bordado\\\/#primaryimage\"},\"thumbnailUrl\":\"https:\\\/\\\/hermandadmedinaceli.es\\\/wp-content\\\/uploads\\\/2025\\\/02\\\/Taller-de-Bordados-de-la-Hermandad.jpg\",\"datePublished\":\"2021-07-29T15:26:09+00:00\",\"dateModified\":\"2025-03-10T18:23:59+00:00\",\"breadcrumb\":{\"@id\":\"https:\\\/\\\/hermandadmedinaceli.es\\\/index.php\\\/escuela-taller-de-bordado\\\/#breadcrumb\"},\"inLanguage\":\"es\",\"potentialAction\":[{\"@type\":\"ReadAction\",\"target\":[\"https:\\\/\\\/hermandadmedinaceli.es\\\/index.php\\\/escuela-taller-de-bordado\\\/\"]}]},{\"@type\":\"ImageObject\",\"inLanguage\":\"es\",\"@id\":\"https:\\\/\\\/hermandadmedinaceli.es\\\/index.php\\\/escuela-taller-de-bordado\\\/#primaryimage\",\"url\":\"https:\\\/\\\/hermandadmedinaceli.es\\\/wp-content\\\/uploads\\\/2025\\\/02\\\/Taller-de-Bordados-de-la-Hermandad.jpg\",\"contentUrl\":\"https:\\\/\\\/hermandadmedinaceli.es\\\/wp-content\\\/uploads\\\/2025\\\/02\\\/Taller-de-Bordados-de-la-Hermandad.jpg\",\"width\":1200,\"height\":900},{\"@type\":\"BreadcrumbList\",\"@id\":\"https:\\\/\\\/hermandadmedinaceli.es\\\/index.php\\\/escuela-taller-de-bordado\\\/#breadcrumb\",\"itemListElement\":[{\"@type\":\"ListItem\",\"position\":1,\"name\":\"Portada\",\"item\":\"https:\\\/\\\/hermandadmedinaceli.es\\\/\"},{\"@type\":\"ListItem\",\"position\":2,\"name\":\"Escuela-Taller de Bordado\"}]},{\"@type\":\"WebSite\",\"@id\":\"https:\\\/\\\/hermandadmedinaceli.es\\\/#website\",\"url\":\"https:\\\/\\\/hermandadmedinaceli.es\\\/\",\"name\":\"Hermandad Medinaceli - La L&iacute;nea de la Concepci&oacute;n\",\"description\":\"\",\"potentialAction\":[{\"@type\":\"SearchAction\",\"target\":{\"@type\":\"EntryPoint\",\"urlTemplate\":\"https:\\\/\\\/hermandadmedinaceli.es\\\/?s={search_term_string}\"},\"query-input\":{\"@type\":\"PropertyValueSpecification\",\"valueRequired\":true,\"valueName\":\"search_term_string\"}}],\"inLanguage\":\"es\"}]}<\/script>\n<!-- \/ Yoast SEO plugin. -->","yoast_head_json":{"title":"Escuela-Taller de Bordado - Hermandad Medinaceli - La L&iacute;nea de la Concepci&oacute;n","robots":{"index":"index","follow":"follow","max-snippet":"max-snippet:-1","max-image-preview":"max-image-preview:large","max-video-preview":"max-video-preview:-1"},"canonical":"https:\/\/hermandadmedinaceli.es\/index.php\/escuela-taller-de-bordado\/","og_locale":"es_ES","og_type":"article","og_title":"Escuela-Taller de Bordado - Hermandad Medinaceli - La L&iacute;nea de la Concepci&oacute;n","og_description":"Escuela-Taller de Bordado \u00abHermandad de Medinaceli\u00bb Hilos de oro y sedas de colores se entrelazan, dibujando sobre el terciopelo una","og_url":"https:\/\/hermandadmedinaceli.es\/index.php\/escuela-taller-de-bordado\/","og_site_name":"Hermandad Medinaceli - La L&iacute;nea de la Concepci&oacute;n","article_modified_time":"2025-03-10T18:23:59+00:00","og_image":[{"url":"https:\/\/hermandadmedinaceli.es\/wp-content\/uploads\/2025\/02\/Taller-de-Bordados-de-la-Hermandad.jpg","type":"","width":"","height":""}],"twitter_card":"summary_large_image","twitter_misc":{"Tiempo de lectura":"3 minutos"},"schema":{"@context":"https:\/\/schema.org","@graph":[{"@type":"WebPage","@id":"https:\/\/hermandadmedinaceli.es\/index.php\/escuela-taller-de-bordado\/","url":"https:\/\/hermandadmedinaceli.es\/index.php\/escuela-taller-de-bordado\/","name":"Escuela-Taller de Bordado - Hermandad Medinaceli - La L&iacute;nea de la Concepci&oacute;n","isPartOf":{"@id":"https:\/\/hermandadmedinaceli.es\/#website"},"primaryImageOfPage":{"@id":"https:\/\/hermandadmedinaceli.es\/index.php\/escuela-taller-de-bordado\/#primaryimage"},"image":{"@id":"https:\/\/hermandadmedinaceli.es\/index.php\/escuela-taller-de-bordado\/#primaryimage"},"thumbnailUrl":"https:\/\/hermandadmedinaceli.es\/wp-content\/uploads\/2025\/02\/Taller-de-Bordados-de-la-Hermandad.jpg","datePublished":"2021-07-29T15:26:09+00:00","dateModified":"2025-03-10T18:23:59+00:00","breadcrumb":{"@id":"https:\/\/hermandadmedinaceli.es\/index.php\/escuela-taller-de-bordado\/#breadcrumb"},"inLanguage":"es","potentialAction":[{"@type":"ReadAction","target":["https:\/\/hermandadmedinaceli.es\/index.php\/escuela-taller-de-bordado\/"]}]},{"@type":"ImageObject","inLanguage":"es","@id":"https:\/\/hermandadmedinaceli.es\/index.php\/escuela-taller-de-bordado\/#primaryimage","url":"https:\/\/hermandadmedinaceli.es\/wp-content\/uploads\/2025\/02\/Taller-de-Bordados-de-la-Hermandad.jpg","contentUrl":"https:\/\/hermandadmedinaceli.es\/wp-content\/uploads\/2025\/02\/Taller-de-Bordados-de-la-Hermandad.jpg","width":1200,"height":900},{"@type":"BreadcrumbList","@id":"https:\/\/hermandadmedinaceli.es\/index.php\/escuela-taller-de-bordado\/#breadcrumb","itemListElement":[{"@type":"ListItem","position":1,"name":"Portada","item":"https:\/\/hermandadmedinaceli.es\/"},{"@type":"ListItem","position":2,"name":"Escuela-Taller de Bordado"}]},{"@type":"WebSite","@id":"https:\/\/hermandadmedinaceli.es\/#website","url":"https:\/\/hermandadmedinaceli.es\/","name":"Hermandad Medinaceli - La L&iacute;nea de la Concepci&oacute;n","description":"","potentialAction":[{"@type":"SearchAction","target":{"@type":"EntryPoint","urlTemplate":"https:\/\/hermandadmedinaceli.es\/?s={search_term_string}"},"query-input":{"@type":"PropertyValueSpecification","valueRequired":true,"valueName":"search_term_string"}}],"inLanguage":"es"}]}},"_links":{"self":[{"href":"https:\/\/hermandadmedinaceli.es\/index.php\/wp-json\/wp\/v2\/pages\/610","targetHints":{"allow":["GET"]}}],"collection":[{"href":"https:\/\/hermandadmedinaceli.es\/index.php\/wp-json\/wp\/v2\/pages"}],"about":[{"href":"https:\/\/hermandadmedinaceli.es\/index.php\/wp-json\/wp\/v2\/types\/page"}],"author":[{"embeddable":true,"href":"https:\/\/hermandadmedinaceli.es\/index.php\/wp-json\/wp\/v2\/users\/2"}],"replies":[{"embeddable":true,"href":"https:\/\/hermandadmedinaceli.es\/index.php\/wp-json\/wp\/v2\/comments?post=610"}],"version-history":[{"count":10,"href":"https:\/\/hermandadmedinaceli.es\/index.php\/wp-json\/wp\/v2\/pages\/610\/revisions"}],"predecessor-version":[{"id":2021,"href":"https:\/\/hermandadmedinaceli.es\/index.php\/wp-json\/wp\/v2\/pages\/610\/revisions\/2021"}],"wp:attachment":[{"href":"https:\/\/hermandadmedinaceli.es\/index.php\/wp-json\/wp\/v2\/media?parent=610"}],"curies":[{"name":"wp","href":"https:\/\/api.w.org\/{rel}","templated":true}]}}