{"id":869,"date":"2021-08-12T21:35:28","date_gmt":"2021-08-12T21:35:28","guid":{"rendered":"https:\/\/hermandadmedinaceli.com\/?page_id=869"},"modified":"2025-07-24T11:18:07","modified_gmt":"2025-07-24T11:18:07","slug":"director-espiritual","status":"publish","type":"page","link":"https:\/\/hermandadmedinaceli.es\/index.php\/director-espiritual\/","title":{"rendered":"Nuestro Director Espiritual"},"content":{"rendered":"\n<h1 class=\"wp-block-heading has-text-color\" style=\"color:#5c1389\"><strong>Nuestro Director Espiritual<\/strong><\/h1>\n\n\n\n\n\n<p style=\"text-align: justify;\"><img loading=\"lazy\" decoding=\"async\" class=\"wp-image-1589  alignleft\" src=\"https:\/\/hermandadmedinaceli.es\/wp-content\/uploads\/2025\/02\/Imagen-de-WhatsApp-2025-02-10-a-las-20.26.37_9b3eeab8.jpg\" alt=\"\" width=\"268\" height=\"520\" srcset=\"https:\/\/hermandadmedinaceli.es\/wp-content\/uploads\/2025\/02\/Imagen-de-WhatsApp-2025-02-10-a-las-20.26.37_9b3eeab8.jpg 541w, https:\/\/hermandadmedinaceli.es\/wp-content\/uploads\/2025\/02\/Imagen-de-WhatsApp-2025-02-10-a-las-20.26.37_9b3eeab8-155x300.jpg 155w, https:\/\/hermandadmedinaceli.es\/wp-content\/uploads\/2025\/02\/Imagen-de-WhatsApp-2025-02-10-a-las-20.26.37_9b3eeab8-528x1024.jpg 528w\" sizes=\"auto, (max-width: 268px) 100vw, 268px\" \/><strong>Rvdo. P. D. Juan Enrique S\u00e1nchez Moreno<\/strong><\/p>\n<p style=\"text-align: justify;\">Nacido el 12 de febrero de 1977 en La L\u00ednea de la Concepci\u00f3n, hijo de Antonio y Mari, siendo bautizado en la Parroquia de San Pedro Ap\u00f3stol.<br \/><br \/>Licenciado en Ciencias Eclesi\u00e1sticas por la Facultad de Teolog\u00eda de Granada. Ordenado Sacerdote el 4 de octubre de 2002 por D. Antonio Ceballos Atienza, Obispo de C\u00e1diz. Ha sido p\u00e1rroco de San Juan de Dios de C\u00e1diz, de San Pedro Ap\u00f3stol de La L\u00ednea de la Concepci\u00f3n y de Nuestra Se\u00f1ora de la Palma de C\u00e1diz. Actualmente es p\u00e1rroco de Santiago Ap\u00f3stol de La L\u00ednea de la Concepci\u00f3n.<br \/><br \/>Ha ejercido como docente dando clases en el IES Siete Colinas de Ceuta y en la Escuela Universitaria de Magisterio Virgen de Europa de La L\u00ednea de la Concepci\u00f3n.<br \/><br \/>Es Terciario de la Orden del Carmen y de la Orden de los Siervos de Mar\u00eda y Caballero de la Orden de San Clemente de Sevilla. Entre otras es hermano del Gran Poder y el Amparo de Sevilla, del Carmen de C\u00e1diz&#8230; Ha dado diversos pregones de Semana Santa y de diversas advocaciones, as\u00ed como conferencias teol\u00f3gicas, mariol\u00f3gicas y cofrades.<\/p>\n\n\n\n<p><\/p>\n\n\n\n<p><\/p>\n\n\n\n<div style=\"height:64px\" aria-hidden=\"true\" class=\"wp-block-spacer\"><\/div>\n\n\n\n<h2 class=\"wp-block-heading has-text-color has-link-color wp-elements-6f9c4b0eca8508d493351a1e8183013d\" style=\"color:#5c1389\"><strong>Cronolog\u00eda de los Directores Espirituales de la Hermandad<\/strong><\/h2>\n\n\n\n<p>\u00a0<\/p>\n<table style=\"height: 290px; width: 100%; border-collapse: collapse; border-color: #490773;\">\n<tbody>\n<tr style=\"height: 20px;\">\n<td style=\"width: 17.2933%; height: 20px; text-align: center;\">1949 &#8211; 1952<\/td>\n<td style=\"width: 82.7067%; height: 20px;\">Rvdo. P. Justo L\u00e1zaro Mart\u00ednez de Serdio<\/td>\n<\/tr>\n<tr style=\"height: 20px;\">\n<td style=\"width: 17.2933%; height: 20px; text-align: center;\">1952 &#8211; 1964<\/td>\n<td style=\"width: 82.7067%; height: 20px;\">Rvdo. P. Miguel Mougan Guerrero<\/td>\n<\/tr>\n<tr style=\"height: 20px;\">\n<td style=\"width: 17.2933%; height: 20px; text-align: center;\">1964 &#8211; 19??<\/td>\n<td style=\"width: 82.7067%; height: 20px;\">Rvdo. P. Alfonso Castilla<\/td>\n<\/tr>\n<tr style=\"height: 20px;\">\n<td style=\"width: 17.2933%; height: 20px; text-align: center;\">???<\/td>\n<td style=\"width: 82.7067%; height: 20px;\">Rvdo. P. D\u00e1maso Pi\u00f1a Fern\u00e1ndez<\/td>\n<\/tr>\n<tr style=\"height: 20px;\">\n<td style=\"width: 17.2933%; height: 20px; text-align: center;\">???<\/td>\n<td style=\"width: 82.7067%; height: 20px;\">Rvdo. P. Manolo<\/td>\n<\/tr>\n<tr style=\"height: 20px;\">\n<td style=\"width: 17.2933%; height: 20px; text-align: center;\">???<\/td>\n<td style=\"width: 82.7067%; height: 20px;\">Rvdo. P. Jes\u00fas Casado<\/td>\n<\/tr>\n<tr style=\"height: 20px;\">\n<td style=\"width: 17.2933%; height: 20px; text-align: center;\">19?? &#8211; 1989<\/td>\n<td style=\"width: 82.7067%; height: 20px;\">Rvdo. P. Juan Ernesto N\u00fa\u00f1ez Salguero SDB<\/td>\n<\/tr>\n<tr style=\"height: 20px;\">\n<td style=\"width: 17.2933%; height: 20px; text-align: center;\">1989 &#8211; 1992<\/td>\n<td style=\"width: 82.7067%; height: 20px;\">Rvdo. P. Seraf\u00edn Berrio Hern\u00e1ndez SDB<\/td>\n<\/tr>\n<tr style=\"height: 20px;\">\n<td style=\"width: 17.2933%; height: 20px; text-align: center;\">1992 &#8211; 1998<\/td>\n<td style=\"width: 82.7067%; height: 20px;\">Rvdo. P. Antonio Guti\u00e9rrez Bernab\u00e9 SDB<\/td>\n<\/tr>\n<tr style=\"height: 20px;\">\n<td style=\"width: 17.2933%; height: 10px; text-align: center;\">1998 &#8211; 2000<\/td>\n<td style=\"width: 82.7067%; height: 10px;\">Rvdo. P. \u00c1ngel Mar\u00eda Mu\u00f1oz V\u00e1zquez SDB<\/td>\n<\/tr>\n<tr style=\"height: 20px;\">\n<td style=\"width: 17.2933%; height: 20px; text-align: center;\">2000 &#8211; 2011<\/td>\n<td style=\"width: 82.7067%; height: 20px;\">Rvdo. P. Francisco Jes\u00fas N\u00fa\u00f1ez P\u00e9rez<\/td>\n<\/tr>\n<tr style=\"height: 20px;\">\n<td style=\"width: 17.2933%; height: 20px; text-align: center;\">2011 &#8211; 2022<\/td>\n<td style=\"width: 82.7067%; height: 20px;\">Rvdo. P. Mario Luis Almario Mart\u00edn<\/td>\n<\/tr>\n<tr style=\"height: 20px;\">\n<td style=\"width: 17.2933%; height: 20px; text-align: center;\">2022 &#8211; 2024<\/td>\n<td style=\"width: 82.7067%; height: 20px;\">Rvdo. P. Arturo Jos\u00e9 P\u00e9rez Salablanca<\/td>\n<\/tr>\n<tr style=\"height: 20px;\">\n<td style=\"width: 17.2933%; height: 20px; text-align: center;\">2024<\/td>\n<td style=\"width: 82.7067%; height: 20px;\">Rvdo. P. Ignacio Fern\u00e1ndez de Navarrete\u00a0 Bedoya<\/td>\n<\/tr>\n<tr style=\"height: 20px;\">\n<td style=\"width: 17.2933%; height: 20px; text-align: center;\"><em>2024 &#8211; Actualidad<\/em><\/td>\n<td style=\"width: 82.7067%; height: 20px;\">Rvdo. P. Juan Enrique S\u00e1nchez Moreno<\/td>\n<\/tr>\n<\/tbody>\n<\/table>\n<p>\u00a0<\/p>\n<p>\u00a0<\/p>\n\n\n\n<p><\/p>\n<!-- AddThis Advanced Settings generic via filter on the_content --><!-- AddThis Share Buttons generic via filter on the_content -->","protected":false},"excerpt":{"rendered":"<p>Nuestro Director Espiritual Rvdo. P. D. Juan Enrique S\u00e1nchez Moreno Nacido el 12 de febrero de 1977 en La L\u00ednea<!-- AddThis Advanced Settings generic via filter on get_the_excerpt --><!-- AddThis Share Buttons generic via filter on get_the_excerpt --><\/p>\n","protected":false},"author":2,"featured_media":0,"parent":0,"menu_order":0,"comment_status":"closed","ping_status":"closed","template":"","meta":{"colormag_page_container_layout":"default_layout","colormag_page_sidebar_layout":"default_layout","_monsterinsights_skip_tracking":false,"_monsterinsights_sitenote_active":false,"_monsterinsights_sitenote_note":"","_monsterinsights_sitenote_category":0,"_mc_calendar":[],"footnotes":""},"class_list":["post-869","page","type-page","status-publish","hentry"],"yoast_head":"<!-- This site is optimized with the Yoast SEO plugin v27.4 - https:\/\/yoast.com\/product\/yoast-seo-wordpress\/ -->\n<title>Nuestro Director Espiritual - Hermandad Medinaceli - La L&iacute;nea de la Concepci&oacute;n<\/title>\n<meta name=\"robots\" content=\"index, follow, max-snippet:-1, max-image-preview:large, max-video-preview:-1\" \/>\n<link rel=\"canonical\" href=\"https:\/\/hermandadmedinaceli.es\/index.php\/director-espiritual\/\" \/>\n<meta property=\"og:locale\" content=\"es_ES\" \/>\n<meta property=\"og:type\" content=\"article\" \/>\n<meta property=\"og:title\" content=\"Nuestro Director Espiritual - Hermandad Medinaceli - La L&iacute;nea de la Concepci&oacute;n\" \/>\n<meta property=\"og:description\" content=\"Nuestro Director Espiritual Rvdo. P. D. Juan Enrique S\u00e1nchez Moreno Nacido el 12 de febrero de 1977 en La L\u00ednea\" \/>\n<meta property=\"og:url\" content=\"https:\/\/hermandadmedinaceli.es\/index.php\/director-espiritual\/\" \/>\n<meta property=\"og:site_name\" content=\"Hermandad Medinaceli - La L&iacute;nea de la Concepci&oacute;n\" \/>\n<meta property=\"article:modified_time\" content=\"2025-07-24T11:18:07+00:00\" \/>\n<meta property=\"og:image\" content=\"https:\/\/hermandadmedinaceli.es\/wp-content\/uploads\/2025\/02\/Imagen-de-WhatsApp-2025-02-10-a-las-20.26.37_9b3eeab8.jpg\" \/>\n\t<meta property=\"og:image:width\" content=\"541\" \/>\n\t<meta property=\"og:image:height\" content=\"1050\" \/>\n\t<meta property=\"og:image:type\" content=\"image\/jpeg\" \/>\n<meta name=\"twitter:card\" content=\"summary_large_image\" \/>\n<meta name=\"twitter:label1\" content=\"Tiempo de lectura\" \/>\n\t<meta name=\"twitter:data1\" content=\"2 minutos\" \/>\n<script type=\"application\/ld+json\" class=\"yoast-schema-graph\">{\"@context\":\"https:\\\/\\\/schema.org\",\"@graph\":[{\"@type\":\"WebPage\",\"@id\":\"https:\\\/\\\/hermandadmedinaceli.es\\\/index.php\\\/director-espiritual\\\/\",\"url\":\"https:\\\/\\\/hermandadmedinaceli.es\\\/index.php\\\/director-espiritual\\\/\",\"name\":\"Nuestro Director Espiritual - Hermandad Medinaceli - La L&iacute;nea de la Concepci&oacute;n\",\"isPartOf\":{\"@id\":\"https:\\\/\\\/hermandadmedinaceli.es\\\/#website\"},\"primaryImageOfPage\":{\"@id\":\"https:\\\/\\\/hermandadmedinaceli.es\\\/index.php\\\/director-espiritual\\\/#primaryimage\"},\"image\":{\"@id\":\"https:\\\/\\\/hermandadmedinaceli.es\\\/index.php\\\/director-espiritual\\\/#primaryimage\"},\"thumbnailUrl\":\"https:\\\/\\\/hermandadmedinaceli.es\\\/wp-content\\\/uploads\\\/2025\\\/02\\\/Imagen-de-WhatsApp-2025-02-10-a-las-20.26.37_9b3eeab8.jpg\",\"datePublished\":\"2021-08-12T21:35:28+00:00\",\"dateModified\":\"2025-07-24T11:18:07+00:00\",\"breadcrumb\":{\"@id\":\"https:\\\/\\\/hermandadmedinaceli.es\\\/index.php\\\/director-espiritual\\\/#breadcrumb\"},\"inLanguage\":\"es\",\"potentialAction\":[{\"@type\":\"ReadAction\",\"target\":[\"https:\\\/\\\/hermandadmedinaceli.es\\\/index.php\\\/director-espiritual\\\/\"]}]},{\"@type\":\"ImageObject\",\"inLanguage\":\"es\",\"@id\":\"https:\\\/\\\/hermandadmedinaceli.es\\\/index.php\\\/director-espiritual\\\/#primaryimage\",\"url\":\"https:\\\/\\\/hermandadmedinaceli.es\\\/wp-content\\\/uploads\\\/2025\\\/02\\\/Imagen-de-WhatsApp-2025-02-10-a-las-20.26.37_9b3eeab8.jpg\",\"contentUrl\":\"https:\\\/\\\/hermandadmedinaceli.es\\\/wp-content\\\/uploads\\\/2025\\\/02\\\/Imagen-de-WhatsApp-2025-02-10-a-las-20.26.37_9b3eeab8.jpg\",\"width\":541,\"height\":1050},{\"@type\":\"BreadcrumbList\",\"@id\":\"https:\\\/\\\/hermandadmedinaceli.es\\\/index.php\\\/director-espiritual\\\/#breadcrumb\",\"itemListElement\":[{\"@type\":\"ListItem\",\"position\":1,\"name\":\"Portada\",\"item\":\"https:\\\/\\\/hermandadmedinaceli.es\\\/\"},{\"@type\":\"ListItem\",\"position\":2,\"name\":\"Nuestro Director Espiritual\"}]},{\"@type\":\"WebSite\",\"@id\":\"https:\\\/\\\/hermandadmedinaceli.es\\\/#website\",\"url\":\"https:\\\/\\\/hermandadmedinaceli.es\\\/\",\"name\":\"Hermandad Medinaceli - La L&iacute;nea de la Concepci&oacute;n\",\"description\":\"\",\"potentialAction\":[{\"@type\":\"SearchAction\",\"target\":{\"@type\":\"EntryPoint\",\"urlTemplate\":\"https:\\\/\\\/hermandadmedinaceli.es\\\/?s={search_term_string}\"},\"query-input\":{\"@type\":\"PropertyValueSpecification\",\"valueRequired\":true,\"valueName\":\"search_term_string\"}}],\"inLanguage\":\"es\"}]}<\/script>\n<!-- \/ Yoast SEO plugin. -->","yoast_head_json":{"title":"Nuestro Director Espiritual - Hermandad Medinaceli - La L&iacute;nea de la Concepci&oacute;n","robots":{"index":"index","follow":"follow","max-snippet":"max-snippet:-1","max-image-preview":"max-image-preview:large","max-video-preview":"max-video-preview:-1"},"canonical":"https:\/\/hermandadmedinaceli.es\/index.php\/director-espiritual\/","og_locale":"es_ES","og_type":"article","og_title":"Nuestro Director Espiritual - Hermandad Medinaceli - La L&iacute;nea de la Concepci&oacute;n","og_description":"Nuestro Director Espiritual Rvdo. P. D. Juan Enrique S\u00e1nchez Moreno Nacido el 12 de febrero de 1977 en La L\u00ednea","og_url":"https:\/\/hermandadmedinaceli.es\/index.php\/director-espiritual\/","og_site_name":"Hermandad Medinaceli - La L&iacute;nea de la Concepci&oacute;n","article_modified_time":"2025-07-24T11:18:07+00:00","og_image":[{"width":541,"height":1050,"url":"https:\/\/hermandadmedinaceli.es\/wp-content\/uploads\/2025\/02\/Imagen-de-WhatsApp-2025-02-10-a-las-20.26.37_9b3eeab8.jpg","type":"image\/jpeg"}],"twitter_card":"summary_large_image","twitter_misc":{"Tiempo de lectura":"2 minutos"},"schema":{"@context":"https:\/\/schema.org","@graph":[{"@type":"WebPage","@id":"https:\/\/hermandadmedinaceli.es\/index.php\/director-espiritual\/","url":"https:\/\/hermandadmedinaceli.es\/index.php\/director-espiritual\/","name":"Nuestro Director Espiritual - Hermandad Medinaceli - La L&iacute;nea de la Concepci&oacute;n","isPartOf":{"@id":"https:\/\/hermandadmedinaceli.es\/#website"},"primaryImageOfPage":{"@id":"https:\/\/hermandadmedinaceli.es\/index.php\/director-espiritual\/#primaryimage"},"image":{"@id":"https:\/\/hermandadmedinaceli.es\/index.php\/director-espiritual\/#primaryimage"},"thumbnailUrl":"https:\/\/hermandadmedinaceli.es\/wp-content\/uploads\/2025\/02\/Imagen-de-WhatsApp-2025-02-10-a-las-20.26.37_9b3eeab8.jpg","datePublished":"2021-08-12T21:35:28+00:00","dateModified":"2025-07-24T11:18:07+00:00","breadcrumb":{"@id":"https:\/\/hermandadmedinaceli.es\/index.php\/director-espiritual\/#breadcrumb"},"inLanguage":"es","potentialAction":[{"@type":"ReadAction","target":["https:\/\/hermandadmedinaceli.es\/index.php\/director-espiritual\/"]}]},{"@type":"ImageObject","inLanguage":"es","@id":"https:\/\/hermandadmedinaceli.es\/index.php\/director-espiritual\/#primaryimage","url":"https:\/\/hermandadmedinaceli.es\/wp-content\/uploads\/2025\/02\/Imagen-de-WhatsApp-2025-02-10-a-las-20.26.37_9b3eeab8.jpg","contentUrl":"https:\/\/hermandadmedinaceli.es\/wp-content\/uploads\/2025\/02\/Imagen-de-WhatsApp-2025-02-10-a-las-20.26.37_9b3eeab8.jpg","width":541,"height":1050},{"@type":"BreadcrumbList","@id":"https:\/\/hermandadmedinaceli.es\/index.php\/director-espiritual\/#breadcrumb","itemListElement":[{"@type":"ListItem","position":1,"name":"Portada","item":"https:\/\/hermandadmedinaceli.es\/"},{"@type":"ListItem","position":2,"name":"Nuestro Director Espiritual"}]},{"@type":"WebSite","@id":"https:\/\/hermandadmedinaceli.es\/#website","url":"https:\/\/hermandadmedinaceli.es\/","name":"Hermandad Medinaceli - La L&iacute;nea de la Concepci&oacute;n","description":"","potentialAction":[{"@type":"SearchAction","target":{"@type":"EntryPoint","urlTemplate":"https:\/\/hermandadmedinaceli.es\/?s={search_term_string}"},"query-input":{"@type":"PropertyValueSpecification","valueRequired":true,"valueName":"search_term_string"}}],"inLanguage":"es"}]}},"_links":{"self":[{"href":"https:\/\/hermandadmedinaceli.es\/index.php\/wp-json\/wp\/v2\/pages\/869","targetHints":{"allow":["GET"]}}],"collection":[{"href":"https:\/\/hermandadmedinaceli.es\/index.php\/wp-json\/wp\/v2\/pages"}],"about":[{"href":"https:\/\/hermandadmedinaceli.es\/index.php\/wp-json\/wp\/v2\/types\/page"}],"author":[{"embeddable":true,"href":"https:\/\/hermandadmedinaceli.es\/index.php\/wp-json\/wp\/v2\/users\/2"}],"replies":[{"embeddable":true,"href":"https:\/\/hermandadmedinaceli.es\/index.php\/wp-json\/wp\/v2\/comments?post=869"}],"version-history":[{"count":13,"href":"https:\/\/hermandadmedinaceli.es\/index.php\/wp-json\/wp\/v2\/pages\/869\/revisions"}],"predecessor-version":[{"id":2198,"href":"https:\/\/hermandadmedinaceli.es\/index.php\/wp-json\/wp\/v2\/pages\/869\/revisions\/2198"}],"wp:attachment":[{"href":"https:\/\/hermandadmedinaceli.es\/index.php\/wp-json\/wp\/v2\/media?parent=869"}],"curies":[{"name":"wp","href":"https:\/\/api.w.org\/{rel}","templated":true}]}}